by 1021?
879
Calculate the remainder when 2254931 is divided by 3194.
3161
Calculate the remainder when 371804 is divided by 33.
26
What is the remainder when 359418 is divided by 89685?
678
What is the remainder when 5399985 is divided by 304?
33
Calculate the remainder when 175098 is divided by 54546.
11460
What is the remainder when 95491 is divided by 3662?
279
Calculate the remainder when 552936 is divided by 6076.
20
What is the remainder when 465862 is divided by 1081?
1032
Calculate the remainder when 4877329 is divided by 22.
17
What is the remainder when 574331 is divided by 739?
128
Calculate the remainder when 15638041 is divided by 461.
460
What is the remainder when 2787285 is divided by 193?
172
Calculate the remainder when 20592 is divided by 6655.
627
What is the remainder when 240777 is divided by 4008?
297
Calculate the remainder when 102571 is divided by 541.
322
Calculate the remainder when 552376 is divided by 889.
307
What is the remainder when 280443 is divided by 140028?
387
What is the remainder when 205835 is divided by 4200?
35
What is the remainder when 195731 is divided by 96?
83
What is the remainder when 243074159 is divided by 1071?
1070
What is the remainder when 150306 is divided by 29853?
1041
Calculate the remainder when 114802 is divided by 81.
25
What is the remainder when 2215880125 is divided by 8997?
8995
What is the remainder when 3999694 is divided by 23?
17
Calculate the remainder when 9366152 is divided by 936613.
22
Calculate the remainder when 197486 is divided by 187.
14
Calculate the remainder when 106141159 is divided by 2571.
2566
What is the remainder when 6826604 is divided by 56418?
26
Calculate the remainder when 46898984 is divided by 7816491.
38
What is the remainder when 2869061 is divided by 351?
338
Calculate the remainder when 5178099 is divided by 21219.
663
What is the remainder when 27268520 is divided by 3630?
3590
What is the remainder when 1063033 is divided by 1408?
1401
Calculate the remainder when 11197 is divided by 2274.
2101
What is the remainder when 118165 is divided by 1016?
309
Calculate the remainder when 5902589 is divided by 536599.
0
Calculate the remainder when 35712588 is divided by 17856291.
6
Calculate the remainder when 2091070 is divided by 261381.
22
What is the remainder when 778197 is divided by 778191?
6
Calculate the remainder when 95828879 is divided by 6978.
5
Calculate the remainder when 123777219 is divided by 2145.
2139
What is the remainder when 1235821 is divided by 170?
91
Calculate the remainder when 372303 is divided by 5475.
3
Calculate the remainder when 66947 is divided by 2900.
247
What is the remainder when 259309 is divided by 62995?
7329
Calculate the remainder when 11606 is divided by 5676.
254
What is the remainder when 1651611 is divided by 825665?
281
What is the remainder when 12028481 is divided by 26?
23
Calculate the remainder when 2432114 is divided by 257.
123
Calculate the remainder when 61879 is divided by 2690.
9
What is the remainder when 69133238 is divided by 76?
66
Calculate the remainder when 9501893 is divided by 188.
185
What is the remainder when 1486583 is divided by 174?
101
Calculate the remainder when 9668 is divided by 491.
339
Calculate the remainder when 442135196 is divided by 25.
21
What is the remainder when 129349159 is divided by 12817?
12812
What is the remainder when 1374999488 is divided by 9?
8
What is the remainder when 198801774 is divided by 453?
6
What is the remainder when 108622 is divided by 106235?
2387
Calculate the remainder when 421627 is divided by 1006.
113
Calculate the remainder when 4715996 is divided by 48.
44
What is the remainder when 75664643 is divided by 2462?
2459
Calculate the remainder when 647719 is divided by 1048.
55
What is the remainder when 7624535 is divided by 197?
44
Calculate the remainder when 20423547 is divided by 45285.
12
What is the remainder when 25666 is divided by 3429?
1663
What is the remainder when 71637 is divided by 652?
569
What is the remainder when 72730 is divided by 4040?
10
What is the remainder when 192048 is divided by 63270?
2238
What is the remainder when 13929976 is divided by 723?
658
What is the remainder when 62437 is divided by 12230?
1287
Calculate the remainder when 772925 is divided by 719.
0
What is the remainder when 156359784 is divided by 611?
607
Calculate the remainder when 12289858 is divided by 3072459.
22
Calculate the remainder when 945615 is divided by 1498.
377
Calculate the remainder when 141529 is divided by 23471.
703
What is the remainder when 35161357 is divided by 20?
17
What is the remainder when 65477637 is divided by 30?
27
Calculate the remainder when 1107194 is divided by 21292.
10
Calculate the remainder when 446104 is divided by 63724.
36
Calculate the remainder when 182886 is divided by 241.
208
What is the remainder when 3543468 is divided by 3543451?
17
What is the remainder when 6460 is divided by 2633?
1194
What is the remainder when 633933 is divided by 211307?
12
What is the remainder when 412057 is divided by 60?
37
What is the remainder when 152261 is divided by 1812?
53
What is the remainder when 181670 is divided by 2418?
320
What is the remainder when 1120587 is divided by 312?
195
Calculate the remainder when 14083797 is divided by 600.
597
What is the remainder when 12900 is divided by 792?
228
What is the remainder when 2417584 is divided by 190?
24
Calculate the remainder when 621029 is divided by 1042.
1039
Calculate the remainder when 140311 is divided by 2462.
2439
Calculate the remainder when 2557375 is divided by 625.
500
Calculate the remainder when 6094455 is divided by 1372.
31
Calculate the remainder when 386557 is divided by 96636.
13
Calculate the remainder when 20741063 is divided by 723.
362
Calculate the remainder when 1047800 is divided by 33800.
0
Calculate the remainder when 200598 is divided by 8349.
222
What is the remainder when 53233233 is divided by 3100?
33
Calculate the remainder when 413004 is divided by 1199.
548
What is the remainder when 150503 is divided by 150265?
238
Calculate the remainder when 396213 is divided by 131903.
504
Calculate the remainder when 834029 is divided by 374.
9
Calculate the remainder when 2182026 is divided by 154.
0
What is the remainder when 2603194 is divided by 360?
34
What is the remainder when 395666 is divided by 1199?
1195
What is the remainder when 1741457 is divided by 968?
25
Calculate the remainder when 22374636 is divided by 1999.
1828
Calculate the remainder when 313934 is divided by 44652.
1370
What is the remainder when 5492761 is divided by 8235?
16
Calculate the remainder when 235797 is divided by 116807.
2183
Calculate the remainder when 3881256 is divided by 331.
281
Calculate the remainder when 7120150 is divided by 951.
13
What is the remainder when 1246750 is divided by 623259?
232
Calculate the remainder when 268514 is divided by 1978.
1484
Calculate the remainder when 107677 is divided by 26750.
677
Calculate the remainder when 7839735 is divided by 1959927.
27
Calculate the remainder when 28838 is divided by 9611.
5
Calculate the remainder when 2713551 is divided by 678349.
155
Calculate the remainder when 48006 is divided by 11265.
2946
Calculate the remainder when 5012002 is divided by 732.
730
What is the remainder when 1885163 is divided by 2034?
1679
What is the remainder when 862214 is divided by 77?
45
What is the remainder when 36439801 is divided by 35?
6
Calculate the remainder when 19783763 is divided by 33.
32
What is the remainder when 299338464 is divided by 3?
0
Calculate the remainder when 3243480 is divided by 394.
72
What is the remainder when 823073 is divided by 27435?
23
Calculate the remainder when 84645752 is divided by 351.
347
What is the remainder when 3546753 is divided by 212?
205
What is the remainder when 40866 is divided by 40818?
48
What is the remainder when 41342 is divided by 13692?
266
Calculate the remainder when 67890549 is divided by 12.
9
What is the remainder when 45507678 is divided by 1018?
24
What is the remainder when 160832 is divided by 8834?
1820
Calculate the remainder when 30379107 is divided by 15.
12
Calculate the remainder when 4088163 is divided by 13145.
